(m) a composite number?
True
Let r be 5/60 + 428/48. Let y(m) = 189*m - 44. Is y(r) a composite number?
False
Let w be 0/(2 - -4)*3/6. Suppose w = 4*m - 5*v - 15279, 6*v = 3*m + 5*v - 11462. Is m a prime number?
True
Let w be 5*((-7551)/15 + -3). Let f = -1202 + 109. Let u = f - w. Is u prime?
True
Is ((-4036)/(-10))/(226/40115) a composite number?
True
Suppose 0 = 9*q - 2238 - 57. Suppose -q = -c + 1456. Is c composite?
True
Suppose -26*p = -4*q - 27*p + 345240, q + p = 86313. Is q composite?
True
Let m be 1 + 0 - (-6 - -1441). Suppose 3*g - 2*f = -0*f + 6539, 2*g = -3*f + 4381. Let w = g + m. Is w a composite number?
True
Suppose -3*k - 3*p + 859167 + 176277 = 0, 3*k - 1035409 = 4*p. Is k composite?
False
Let a = 880 + -886. Is (-8)/6*27/a - -5785 a composite number?
False
Is -10*(-2)/(-32) - 284375754/(-144) a prime number?
False
Let n = 298 + 13896. Suppose 3*h = n + 3623. Is h prime?
True
Suppose -5860376 = 171*s + 76*s - 21984783. Is s a composite number?
True
Suppose 2*x - 17 = -5*r, r + x = 3*x + 13. Suppose 0 = -r*g + s + 388775, 0 = 43*g - 46*g - s + 233265. Is g a prime number?
False
Let n(l) = 640*l - 661. Is n(21) a composite number?
True
Let a = -926 - -270. Let l = 1191 - a. Is l a composite number?
False
Let x(i) = -24*i**3 + 2*i**2 - 5*i - 2. Let p(q) = q + 6. Let h(m) = 1. Let y(d) = h(d) - p(d). Let o be y(-2). Is x(o) prime?
False
Suppose -6*w + w - 30515 = -5*x, 12206 = 2*x + 3*w. Let l = x - 4110. Is l composite?
False
Suppose 0 = -7*y - 28. Let d be (-3)/(42/y) + (-40415)/(-35). Suppose -r + 1000 = -d. Is r prime?
False
Let w(d) = -7*d**3 - 3*d**2 + 9*d - 4. Let a(s) = -s**3 - 4*s**2 - 2*s + 6. Let f be a(-4). Suppose -3*n + u - 27 = -3*u, 2*u = -4*n - f. Is w(n) composite?
False
Let s(o) = -31*o - 4. Let j = 22 + -18. Suppose -5*a - 5*b - 115 = 0, 2*a + 10 = j*b - 24. Is s(a) a prime number?
True
Let q(u) = 20*u - 975*u**2 + 963*u**2 - u**3 - 2 + 11. Is q(-16) prime?
False
Let a(i) = i**2 + 17*i + 351. Is a(35) a composite number?
True
Is (-2579*(-9)/27)/(7/21) prime?
True
Is (-37244)/(-2)*(-14)/(112/(-164)) prime?
False
Let x(n) = 159583*n**2 - 14*n - 14. Is x(-1) composite?
True
Let o be (8/(-12))/(-2*(-2)/(-18)). Let x(p) = -25*p - 2. Let k be x(o). Let h = 459 + k. Is h composite?
True
Let q be 764934/8 + 52/208. Suppose 0 = 5*m + 3*k - 7*k - q, m = 3*k + 19130. Is m a prime number?
True
Let l(s) = 83*s**2 - 28*s**2 - 11 + 10*s - 4*s - 7*s. Let m be (-2 + 1)*(-8)/2. Is l(m) prime?
False
Suppose -3*u - 11 + 5 = -5*g, -21 = -3*u - 4*g. Suppose a = 5*r + 4552, -u*a - 6*r + 13637 = -2*r. Is a a composite number?
False
Suppose 0 = -2*l - 7 + 11. Suppose 2*m = l - 8, 0 = 3*b + m - 870. Is b prime?
False
Let m(y) = 5*y**3 - 4*y**2 + 7*y + 17. Let o = -63 + 63. Suppose 2*z + 5*g = -0*g + 29, 3*z + g - 24 = o. Is m(z) a prime number?
False
Suppose -3*l - 33 = -w, -3*w - w + 168 = -3*l. Suppose w*i = 41*i + 9140. Is i composite?
True
Let g(o) = o**3 - 2*o. Let r(f) = 4389*f**3 - 8*f - 1. Let c(u) = 3*g(u) - r(u). Is c(-1) composite?
True
Let f = -45 + 52. Suppose f*q - 861 = 5768. Suppose 0 = -4*k + 5*z + 1891, q = -3*k + 5*k - 3*z. Is k prime?
False
Suppose x = 4*g + 26, -43*g + 46*g + 33 = 3*x. Is (8/x*3)/((-4)/(-6823)) composite?
False
Let k(m) = 463*m**2 - 28*m - 64. Is k(21) composite?
False
Let o = 17664 + -8467. Is o a composite number?
True
Suppose 2*c = 2*l - 0*c - 10, 0 = 5*c - 25. Suppose 4*r - 3*f + l = 0, -3*r - 3 = f + 11. Is (-15)/60 - (2257/r + -1) prime?
False
Suppose -r = -190 + 194, -4*r + 69322 = 2*z. Is z composite?
True
Let t be (-1)/(4 + (-4581)/1146). Let j = t + 1391. Is j a composite number?
False
Suppose 10*j = 7182 + 50208. Is j a composite number?
True
Let s = -339 + 301. Is (-6626)/(-4) + s/(-76) a composite number?
False
Let f be (-7)/(-14) - (-1941)/12*-2. Let q be (f/34 - 2/4)/(-2). Is 2/5 + 5783/q prime?
False
Let l(d) = d**2 + d + 7. Let y(p) = 3*p + 32. Let c(q) = q**2 - 9*q - 8. Let w be c(9). Let j be y(w). Is l(j) a prime number?
True
Suppose 0 = 113*w - 155*w + 3816610 + 15279656. Is w a composite number?
False
Let q(j) = j + 1012. Let o be q(0). Suppose -o = -0*d - 4*d. Suppose -5*z = 5*b - 1027 - d, -3*b + 758 = z. Is b a prime number?
True
Let w = -671 - -665. Let b(l) be the third derivative of 7*l**5/12 + l**4/2 + 17*l**3/6 - 2*l**2. Is b(w) a prime number?
False
Suppose l - 2772987 - 966088 = -5*q, 3739075 = 5*q - l. Is q a prime number?
False
Let m(i) = 601*i**2 + 49*i + 305. Is m(-6) a prime number?
True
Let p(i) = i**3 + 8*i**2 - 2*i - 14. Let j be p(-8). Let r(d) = 1225*d**2 + 5*d + 1. Is r(j) a composite number?
True
Suppose 1129*t - 729967 = 1122*t. Is t prime?
True
Let k = 87 - 81. Is 1 - k - 972/(-1) a prime number?
True
Suppose 0 = 133*n - 209921374 - 11106405. Is n prime?
False
Let n(g) = -2*g - 9. Let s be n(-9). Is (447/s)/(8/24) a composite number?
False
Let h = -18024 - -230923. Is h prime?
False
Let w = 16875 - -8823. Let h = w - 8407. Is h composite?
False
Let d(l) = 966*l + 206. Let v be d(28). Let w = v - 15285. Is w a prime number?
True
Let g = -102504 - -147865. Is g composite?
False
Suppose -3*x = 2*p + 53122, 3*p - 5*x = 8*p + 132815. Let h = 50641 + p. Is h composite?
True
Suppose -26*k + 2601904 + 3781215 + 2794647 = 0. Is k prime?
True
Suppose 11*w + 8951 - 43590 = 0. Is w a prime number?
False
Suppose -4*m = -p - 14, -18*p + 15*p - 3*m - 87 = 0. Is (p - -23)/(0 - (-6)/(-3418)) prime?
True
Is 945/42 - 22 - (-68053)/2 a prime number?
False
Suppose -9*y + 169588 + 238265 = 0. Is y composite?
False
Suppose -3*m = -2*s - 93, s + 4*m = 17 - 69. Let n(v) = 21*v**2 - 30*v - 103. Is n(s) prime?
False
Is ((8 - 5) + -10)/((6/4507)/(-6)) a composite number?
True
Is (2 - -400392 - 0) + (-1930)/(-386) composite?
True
Is (91/(-273))/((2/158331)/(-2)) a composite number?
True
Suppose 75*k - 72*k = 81. Let t be k/4*56/(-21). Is 12/t*198/(-4) prime?
False
Suppose -3*u + v = 107752, -3*v = -3*u - 17745 - 90003. Let i(d) = -5*d**2 - 144*d - 16. Let g be i(-29). Is u/(-9) + (-5)/g a prime number?
False
Suppose 4*z = s + 3, -s + 9 = -0*s + 2*z. Suppose s*o - 2*k - 24809 = -4*k, 2*k = -2*o + 9920. Is o prime?
False
Suppose 0 = 3*n - 5*x - 171203, -171243 = 22*n - 25*n - 3*x. Suppose -4*w = 4*d - n, 4*d + 5*w = -10771 + 67843. Is d prime?
False
Suppose 5*i = -3*n + 20111, -2*i = -3*i - 3*n + 4015. Suppose -v + 5415 = -i. Is v composite?
False
Let v be 7 - 1/2*(-7 - -15). Suppose -4*y + 63 = v. Let n = 358 + y. Is n a prime number?
True
Suppose -21200*i + 147191 = -21199*i. Is i a prime number?
False
Let m(z) = -9*z - 74. Suppose 0 = 3*a - 4*a - 9. Let j be m(a). Suppose -j*y = 7*y - 8596. Is y prime?
False
Let j(h) = h**3 + 5*h**2 - 6*h + 3. Let f be j(-6). Suppose -1823*r = -1818*r - 8245. Suppose -4*x + 2212 = -4*k, 0*x + f*x = -2*k + r. Is x a prime number?
False
Let y(z) = -8 + 215*z - 1351*z + 13 + 0. Is y(-1) a composite number?
True
Suppose 62*i = 64*i - 26. Let t(h) = 58*h**2 + 42*h + 43. Is t(i) a composite number?
False
Suppose 0 = -3*h - 3*v - 0*v, -4*v - 28 = -3*h. Suppose h*c + 11*j - 14072 = 9*j, 4*j = -c + 3518. Is c a composite number?
True
Let t(f) = -1254*f**3 - 716*f**2 + 10*f + 21. Is t(-5) prime?
True
Suppose 15*r - 21090 = 9*r. Suppose 15*k - 10*k - r = 0. Is k a composite number?
True
Suppose 2*s - 4 = 0, s - 15513 = -3*m + 48266. Let j = m - 11378. Is j prime?
False
Suppose -8*c + 138942 = 18982. Suppose -c = -0*r - 5*r. Is r prime?
True
Let d be 6/33 - 1863/(-99). Suppose 5*q = -13*q + d*q. Suppose q = 3*f - 5*j - 1003, -2*f - j + 656 = 2*j. Is f prime?
True
Suppose 0 = -6*q + 8*q + b - 174, -b = -q + 84. Suppose 87*k - 955 = q*k. Is k a composite number?
True
Suppose -4*r = n - 10547, -2*r = 33*n - 37*n + 42242. Is n prime?
True
Is 89970/9 + (-48)/(-36) a prime number?
False
Suppose 4*m = 7*m + 15, 5*k - 35 = 4*m. Is 1 + 1/(k/2919) a composite number?
True
Let h = 113833 + 12546. Is h prime?
False
Suppose -11*p + 4*p = 71*p - 23884302. Is p prime?
True
Let j(i) = 40*i**2 + 278*i - 47. Is j(-44) composite?
True
Let i = 40 - 63. Let p = i - 38. Let j = p - -156. Is j a composite number?
True
Suppose 4*s - 4*u + 396 = 5*s, -1160 = -3*s - 5*u. Let n(h) = 15*h - 66 + 18 - s*h + 35. Is n(-6) composite?
True
Suppose 3*g = 22632 + 23055. Is g a composite n